 Let w be s(2). Let r be (-6)/((18/w)/(-3)). Give f(r).
6
Let y = -29 - -24. Let u(j) = j**2 + 5*j + 7. What is u(y)?
7
Let m(o) be the second derivative of -o**3/3 - 3*o**2/2 - 3*o. Let r(p) = -4*p - 7. Let l(h) = -13*m(h) + 6*r(h). Give l(2).
1
Let a(v) be the second derivative of -v**5/20 + v**4/12 - v**3/6 - 4*v. Determine a(0).
0
Suppose 4*t - 15 - 5 = 0. Let y(l) = -2*l + 4. Let s(f) = -f + 2. Let b(d) = t*s(d) - 2*y(d). Let o = -4 - -1. What is b(o)?
5
Let f(j) = j**3 - j + 1. Let i(x) = 3*x**3 + 3*x**2 - 7*x. Let k(m) = 2*f(m) - i(m). Let y(z) = z**2 + 6*z + 4. Let g be y(-4). Give k(g).
-2
Let x(h) be the second derivative of -h**4/12 + 2*h**3/3 + h**2/2 - 4*h. Give x(5).
-4
Let x(s) = -2*s**3 + 9*s**2 + 5*s + 1. Let o(w) = w**3 - 8*w**2 - 5*w - 1. Let v(m) = 3*o(m) + 2*x(m). Calculate v(-5).
-1
Let i(k) be the first derivative of 2*k - 5/6*k**3 + 1/12*k**4 - 3/2*k**2 - 2. Let c(b) be the first derivative of i(b). What is c(5)?
-3
Let x(t) be the second derivative of -t**8/6720 - t**7/840 - t**6/720 - t**5/120 + t**4/12 - t. Let a(q) be the third derivative of x(q). Give a(-2).
-3
Let u(g) = 3*g**2 + 5*g - 3. Suppose 3*a - 3 = 3. Let b(n) = 8*n**2 - 12*n**2 + 3*n + 2 - 9*n. Let h(q) = a*b(q) + 3*u(q). Determine h(-4).
-1
Suppose -5*x + 14*x - 27 = 0. Let y(g) be the third derivative of 1/12*g**4 + 0*g + 2*g**2 + 1/2*g**x + 0 - 1/60*g**5. Calculate y(3).
0
Let q = 23 - 18. Let u(g) = g - 6. Calculate u(q).
-1
Let y(f) = -3 - 1 - f + 5. Suppose v - 5 + 3 = 0. Calculate y(v).
-1
Let n(o) be the second derivative of o**5/20 + 7*o**4/12 - 3*o**3/2 - 11*o**2/2 - 3*o. Let c be n(-8). Let t(s) = s**3 + 4*s**2 + s - 4. What is t(c)?
2
Let w = 8 - 3. Let t(a) = -781*a**2 - 6 - 5*a + 397*a**2 + 385*a**2. What is t(w)?
-6
Let q(d) = 3*d**3 + 3*d**2 - 2*d + 4. Let i(o) = o**3 + o**2 - o + 1. Let y(n) = -4*i(n) + q(n). Suppose x - 1 + 3 = -5*k, -2*x - 4*k - 4 = 0. Calculate y(x).
0
Let j(l) be the third derivative of -l**6/120 - 7*l**5/60 - l**4/6 + 7*l**3/6 - 13*l**2. Give j(-6).
-5
Let d(o) = -o**3 + 3*o**2 + 5*o - 2. Let k be d(4). Let r(x) = -2*x - 4*x + 3*x + 6 + k*x. What is r(3)?
3
Let v(y) = -6*y**2 - 3*y + 8. Let h(f) = 5 + 0*f**2 - 4*f**2 - 3*f + f. Suppose 9*n = 4*n - 40. Let j(x) = n*h(x) + 5*v(x). What is j(-1)?
1
Let t(o) = -o. Let v(r) = r**3 - 7*r**2 - 9*r + 2. Let h be v(8). Give t(h).
6
Let x(b) = b - 4. Let l(r) = 5*r - 12. Let y(v) = v - 1. Let s(z) = -l(z) + 6*y(z). Let h be s(-9). What is x(h)?
-7
Let j(h) = -4*h**3 + 4*h**2 - 2*h - 1. Let o(d) = -9*d**3 + 9*d**2 - 5*d - 2. Let c(l) = -7*j(l) + 3*o(l). Let r = -24 + 24. Let q = 0 - r. What is c(q)?
1
Let l(m) = m**3 + 2*m**2 - 2*m - 3. Let j(n) = -6 - 6*n + 2*n**2 - 4*n**2 + n**2. Let y be j(-4). Suppose 4*v - 3*w = -6, 2*v = -y*v - 4*w - 20. Give l(v).
-6
Let i be 1 + (-95)/4*(-2)/(-60). Let u(l) be the third derivative of 2/3*l**3 + 0 + 0*l - 2*l**2 - i*l**4 + 1/60*l**5. What is u(5)?
4
Let k(t) = t**2 - t - 3. Let m be k(3). Let x(j) be the first derivative of -j**2/2 + 15. Give x(m).
-3
Let k(f) = -f**2 - 9*f - 7. Suppose s - 4*d = -11, 2*s + s + 25 = 4*d. Determine k(s).
7
Let a(k) = 10*k**2 + 54 - 56 - 8*k**2. What is a(-3)?
16
Let x = 57 - 61. Let g(p) = -p**3 - 5*p**2 - 2*p + 3. Calculate g(x).
-5
Suppose -2*b - 2*k = -2, -2*b + 2*k = -16 - 2. Suppose 2*h + b = h. Let o(p) = -6 + 13 + 0*p + p. What is o(h)?
2
Let a be 24/32 - (-7)/(-4). Let k(i) be the third derivative of i**5/60 + i**4/12 + i**3/6 - 2*i**2. Give k(a).
0
Let c = 52 + -30. Let p = 16 - c. Let v(y) = -y**2 - 7*y + 1. What is v(p)?
7
Let z(y) be the second derivative of -y**5/20 - y**4/4 + 7*y**3/6 + 3*y**2 + y. Suppose 2*n + 6 + 2 = 0. What is z(n)?
-6
Let m(r) = -r. Let l = 181 + -187. Calculate m(l).
6
Let k(v) = -6*v**3 - v**2 + 3*v + 3. Let y(a) = 5*a**3 - 3*a - 3. Let z(t) = -4*k(t) - 5*y(t). Calculate z(5).
-7
Let o(p) = p**3 - 8*p**2 + 7*p + 3. Let h = 14 + -18. Let t be (14/h)/(2/(-4)). Determine o(t).
3
Let u = 11 - 5. Let i(x) = -x**2 + 5*x + 3. Give i(u).
-3
Let p(l) = 2*l - 1. Let d be (-19)/(-3) - 2/6. Suppose -v - 9 = 2*i + 3, 2 = -v. Let y = i + d. Calculate p(y).
1
Let r(i) = -i - 2. Let q be 12/(-54) - 76/(-18). Let u = -2 + q. Suppose -3*o + 46 = -5*m + 1, 2*m + u*o + 2 = 0. Determine r(m).
4
Let i(o) = o + 1. Let x(d) = -6*d - 4. Let g(k) = 5*k + 3. Let c be 2/5*-10*1. Let y(f) = c*x(f) - 5*g(f). Let z(l) = 4*i(l) - y(l). Determine z(-2).
-7
Let o(y) = -9*y - 1. Let x(i) = 28*i + 3. Let m(r) = -11*o(r) - 4*x(r). Let a = -43 - -42. What is m(a)?
12
Let d be -2 + (2 - -2) + -1. Let o(i) = -d - 1 + 4 + i. Let y be 6 + 175/(-28) + 1/4. Give o(y).
2
Let i(u) = -5*u**3 + 14*u**2 + 30*u + 17. Let w(b) = -2*b**3 + 7*b**2 + 14*b + 8. Let s(y) = -3*i(y) + 7*w(y). Let r = -18 + 12. Determine s(r).
-7
Let w(n) be the third derivative of -n**5/60 - n**4/12 + 19*n**2. Determine w(-5).
-15
Let c(a) = a. Suppose 0 = -4*p - y - 0*y + 6, p = -2*y + 5. Let o be 0/(-3)*p/(-2). Let w be 0 + 1 + o - -1. Calculate c(w).
2
Let r(d) be the second derivative of -1/12*d**4 + 0 + 1/2*d**2 - 2*d - 1/6*d**3 - 7/20*d**5. Give r(1).
-8
Let l(p) = -2*p. Let n(m) be the third derivative of m**4/24 - 3*m**2. Let v(i) = -2*l(i) - 5*n(i). Calculate v(-6).
6
Suppose -5*t + 10 = -0. Let k(s) = -s + 3. Determine k(t).
1
Let z = -6 - -24. Suppose -8 = m - 4*m + 2*t, -2*m - 5*t = -z. Let c(y) = y**3 - 6*y**2 + 5*y + 2. Give c(m).
-10
Suppose 3*s + s = 5*t + 31, 2*s - 20 = 4*t. Let y be (-4 + 2)*(1 + 1). Let a = y + s. Let l(o) = -o + 8. What is l(a)?
8
Suppose -3*w = 4*d - 4*w - 24, -2*d + 12 = -w. Let c(n) = 5 - n - d + 10 + 0*n. Give c(5).
4
Let r(p) = -3*p**2 + 0*p**3 + 6*p - 1 - p**2 - p**3. What is r(-5)?
-6
Let g(y) = -2*y**3 - y**2 - y + 1. Let o be g(1). Let c(b) be the second derivative of -b**5/20 - b**4/3 - b**3/3 + b**2/2 + 45*b. What is c(o)?
-2
Let u(q) = q**2 + 3*q + 2. Let v = 6 + 2. Let k = 1 - 1. Suppose k = -2*i - 0*i - v. Calculate u(i).
6
Let i(f) = 2*f**3 - 14*f**2 + 15*f + 10. Let n(r) = -r**3 + 7*r**2 - 8*r - 5. Let k(o) = -3*i(o) - 5*n(o). Give k(6).
1
Suppose 2*v - 3*v + 4 = 0. Let n(h) = -1. Let i(u) = 2*u**2 - 6*u + 7. Let s(b) = -i(b) - 6*n(b). What is s(v)?
-9
Let x(v) = 14*v + 29. Let h(l) = 5*l + 10. Let n(r) = 11*h(r) - 4*x(r). Determine n(-10).
4
Let f(u) be the first derivative of u**2 + 7*u - 4. Let j be f(-5). Let w(r) = -r**2 - 2*r - 4. Determine w(j).
-7
Let m(c) = 108 - 3*c - 108 + 2*c - 9*c**3 + c**2. What is m(1)?
-9
Let o(k) = k**3 - 6*k**2 - 5*k. Let h(j) = j. Let b(t) = 5*h(t) + o(t). Give b(6).
0
Let o be 3/3 - (-8)/(-2). Let f be (o/(-2))/((-3)/8). Let n(h) = -h**2 - 2*h. Determine n(f).
-8
Let l(f) = 3 + 11 - 7 - f. Determine l(5).
2
Let u(n) = -4*n - 46 + 46. Give u(-2).
8
Let t(l) be the first derivative of -l**2/2 + 6*l - 5. Calculate t(5).
1
Let c(x) = x**3 - 6*x**2 + 2*x + 1. Let i = -50 - -55. Determine c(i).
-14
Let c(j) = 6*j**2 + 3 + 5*j - j**3 - 5*j. Let r be c(6). Let h(s) = 2 - 7*s + 0*s - r. What is h(-1)?
6
Let p(t) be the first derivative of 5*t**4/2 - 4*t**3/3 + t**2/2 - 3*t + 1. Let h(m) = -m**3 + m**2 + 1. Let d(x) = 4*h(x) + p(x). Determine d(-1).
-6
Let j(h) = h + 1. Let x = 8 - 7. Give j(x).
2
Let p(a) = -5*a**2 + a. Let w(i) = 4*i - 14. Let r(b) = -b. Let o(g) = -3*r(g) - w(g). Let d be o(13). What is p(d)?
-4
Let f(q) = -q**3 + 5*q**2 - 4*q + 4. Let d be f(4). Let t(u) = -u**3 + 1 + 0*u + d*u + 3*u**2 + u. Determine t(4).
5
Let q(h) = -h**3 + 5*h**2 + h - 2. Let f be q(5). Let d = 4 - f. Let n(j) = 10*j - 1. What is n(d)?
9
Let j(f) = 7*f**3 - 3*f**2 - 7*f - 3. Let p(w) = -w**3 - 22 + w + 22. Let k(y) = j(y) + 6*p(y). Give k(3).
-6
Let s(h) = -2*h - 5. Suppose 3*n - 4*g + 7 = 0, 0 = 2*n + 4*g + 10 + 8. Give s(n).
5
Suppose 2*a + o - 21 = 0, -22 = -4*a + 2*o - 0*o. Let s(b) = 8*b**2 - 7*b**2 + a + 7*b + b - b. Give s(-6).
2
Let s(d) = 1 + 9*d + 0*d + 0. What is s(1)?
10
Let c(v) = -v**3 - 4*v**2 + 6*v + 5. Let m(z) = -z**2 + 6*z - 3. Let g be m(5). Suppose 27 = -5*i + g. Give c(i).
0
Let h(d) = -d**2 + 3*d - 2. Let j = 16 - 22. Let b = j - -14. Suppose 7 = 5*f - b. Calculate h(f).
-2
Let x(r) be the third derivative of r**6/120 - r**5/12 + r**4/12 - r**3/2 - r**2. What is x(5)?
7
Let n(h) be the first derivative of h**2 + 2*h + 25. What is n(-3)?
-4
Sup